{"id":11,"date":"2016-07-20T16:59:46","date_gmt":"2016-07-20T16:59:46","guid":{"rendered":"http:\/\/demo.hashthemes.com\/total\/?page_id=11"},"modified":"2021-01-21T13:08:24","modified_gmt":"2021-01-21T12:08:24","slug":"about-us","status":"publish","type":"page","link":"https:\/\/kangroos.pl\/index.php\/about-us\/","title":{"rendered":"O nas"},"content":{"rendered":"<p>Kangroos Wholesale Company zosta\u0142o za\u0142o\u017cone na wyspie karaibskiej Sint Maarten w 2018 roku. Naszym g\u0142\u00f3wnym celem jest dystrybucja produkt\u00f3w FMCG z rynk\u00f3w europejskich na takie karaibskie wyspy jak: Sint Maarten, Dominikana, Puerto Rico, Haiti, Sint Kits, Anguilla, Saba, Antigua.<\/p>\n","protected":false},"excerpt":{"rendered":"<p>Kangroos Wholesale Company zosta\u0142o za\u0142o\u017cone na wyspie karaibskiej Sint Maarten<br \/>\nw 2018 roku. Naszym g\u0142\u00f3wnym celem jest dystrybucja produkt\u00f3w FMCG z rynk\u00f3w europejskich na takie karaibskie wyspy jak: Sint Maarten, Dominikana, Puerto Rico, Haiti, Sint Kits, Anguilla, Saba, Antigua.<\/p>\n","protected":false},"author":1,"featured_media":0,"parent":0,"menu_order":0,"comment_status":"closed","ping_status":"closed","template":"","meta":{"footnotes":""},"class_list":["post-11","page","type-page","status-publish","hentry"],"_links":{"self":[{"href":"https:\/\/kangroos.pl\/index.php\/wp-json\/wp\/v2\/pages\/11","targetHints":{"allow":["GET"]}}],"collection":[{"href":"https:\/\/kangroos.pl\/index.php\/wp-json\/wp\/v2\/pages"}],"about":[{"href":"https:\/\/kangroos.pl\/index.php\/wp-json\/wp\/v2\/types\/page"}],"author":[{"embeddable":true,"href":"https:\/\/kangroos.pl\/index.php\/wp-json\/wp\/v2\/users\/1"}],"replies":[{"embeddable":true,"href":"https:\/\/kangroos.pl\/index.php\/wp-json\/wp\/v2\/comments?post=11"}],"version-history":[{"count":3,"href":"https:\/\/kangroos.pl\/index.php\/wp-json\/wp\/v2\/pages\/11\/revisions"}],"predecessor-version":[{"id":706,"href":"https:\/\/kangroos.pl\/index.php\/wp-json\/wp\/v2\/pages\/11\/revisions\/706"}],"wp:attachment":[{"href":"https:\/\/kangroos.pl\/index.php\/wp-json\/wp\/v2\/media?parent=11"}],"curies":[{"name":"wp","href":"https:\/\/api.w.org\/{rel}","templated":true}]}}